{"id":210510,"date":"2024-10-25T15:10:24","date_gmt":"2024-10-25T13:10:24","guid":{"rendered":"https:\/\/www.solarwaterworld.de\/bootsverleih\/suncat-21-bis-zu-8-personen-solarboot-11\/"},"modified":"2024-10-25T15:10:24","modified_gmt":"2024-10-25T13:10:24","slug":"suncat-21-bis-zu-8-personen-solarboot-11","status":"publish","type":"page","link":"https:\/\/www.solarwaterworld.de\/bootsverleih\/suncat-21-bis-zu-8-personen-solarboot-11\/","title":{"rendered":"SunCat 21 bis zu 8 Personen Solarboot"},"content":{"rendered":"<p><strong>Willkommen an Bord des SunCat 21 &#8211; dem perfekten Boot f\u00fcr unvergessliche Momente auf der Spree! Unser 8-Sitzer Katamaran ist die ideale Wahl f\u00fcr Kleingruppen, Freunde und Familien, die gemeinsam die malerische Sch\u00f6nheit der Natur fernab der Innenstadt erleben m\u00f6chten.<\/strong><\/p>\n<p>Mit einer L\u00e4nge von 6,40 Metern und einer Breite von 2,50 Metern bietet der <strong><em>SunCat 21<\/em><\/strong> ausreichend Platz f\u00fcr bis zu 8 Personen. Das F\u00fchrerscheinfreie Elektroboot verspricht nicht nur umweltfreundliches Fahrvergn\u00fcgen, sondern auch eine entspannte Atmosph\u00e4re auf dem Wasser.<\/p>\n<p>Die Ausstattung des SunCat 21 l\u00e4sst keine W\u00fcnsche offen. Nutzt die Badeleiter, um erfrischende Schwimmpausen einzulegen, und f\u00fchlt euch sicher in den bereitgestellten Schwimmwesten. Genie\u00dft eure Mahlzeiten am Esstisch an Bord und entspannt unter dem Solardach, das angenehmen Schatten spendet.<\/p>\n<p>Unser Katamaran eignet sich perfekt f\u00fcr verschiedene Anl\u00e4sse, darunter Christi Himmelfahrt, Junggesellenabschiede, Geburtstage, Film- und Fototermine, PR- und Marketingevents, Firmenevents, private Partys, Abenteuerurlaube, Tagesausfl\u00fcge und Teambildungsaktivit\u00e4ten.<\/p>\n<p>Erlebt Berlin vom Wasser aus und entdeckt die Vielfalt der Spree mit Solarwaterworld AG, eurem Bootsverleih in Berlin K\u00f6penick. Ahoi und auf zu unvergesslichen Abenteuern auf dem SunCat 21!<\/p>\n<section>\n<div class=\"container-fluid\">\n<div class=\"row\">\n<div class=\"col-12 mb-3\">\n<div class=\"row mt-5 mb-5 justify-content-md-center\">\n<div class=\"col-12 col-md-8 text-center\">\n<div class=\"card text-center shadow-lg  p-3 mb-5 rounded\">\n<div class=\"card-header alert-warning\">\n<h1 class=\"mb-0 pb-2\">Oops!<\/h1>\n<p>\t\t\t\t\t\t\t\t<span class=\"d-block\">Da ist etwas schief gelaufen<\/span>\n\t\t\t\t\t\t\t<\/div>\n<div class=\"card-body\">\n<div class=\"alert-warning-box p-5 mb-3\"><\/div>\n<p>Das von dir gesuchte Boot ist <u>hier<\/u> nicht mehr verf\u00fcgbar. <br \/>Bitte nutze den Link \u00fcber Miet-Boot.de dein Boot zu buchen.<\/p>\n<p><a href=\"https:\/\/miet-boot.de\/motorboot\/suncat-21-bis-zu-8-personen-solarboot.html\" class=\"btn btn-primary btn-lg \" target=\"_blank\" title=\"Miet Boot\" rel=\"noopener\">Motorboot buchen<\/a>\n\t\t\t\t\t\t\t<\/div>\n<\/p><\/div>\n<\/p><\/div>\n<\/p><\/div>\n<\/p><\/div>\n<\/p><\/div>\n<\/p><\/div>\n<\/section>\n","protected":false},"excerpt":{"rendered":"<p>Willkommen an Bord des SunCat 21 &#8211; dem perfekten Boot f\u00fcr unvergessliche Momente auf der Spree! Unser 8-Sitzer Katamaran ist die ideale Wahl f\u00fcr Kleingruppen, Freunde und Familien, die gemeinsam die malerische Sch\u00f6nheit der Natur fernab der Innenstadt erleben m\u00f6chten. Mit einer L\u00e4nge von 6,40 Metern und einer Breite von 2,50 Metern bietet der SunCat [&hellip;]<\/p>\n","protected":false},"author":1,"featured_media":0,"parent":0,"menu_order":0,"comment_status":"closed","ping_status":"closed","template":"","meta":{"_et_pb_use_builder":"","_et_pb_old_content":"","_et_gb_content_width":"","inline_featured_image":false,"footnotes":""},"class_list":["post-210510","page","type-page","status-publish","hentry"],"yoast_head":"<!-- This site is optimized with the Yoast SEO plugin v27.4 - https:\/\/yoast.com\/product\/yoast-seo-wordpress\/ -->\n<title>SunCat 21 bis zu 8 Personen Solarboot - Bootsverleih<\/title>\n<meta name=\"robots\" content=\"index, follow, max-snippet:-1, max-image-preview:large, max-video-preview:-1\" \/>\n<link rel=\"canonical\" href=\"https:\/\/www.solarwaterworld.de\/bootsverleih\/suncat-21-bis-zu-8-personen-solarboot-11\/\" \/>\n<meta property=\"og:locale\" content=\"de_DE\" \/>\n<meta property=\"og:type\" content=\"article\" \/>\n<meta property=\"og:title\" content=\"SunCat 21 bis zu 8 Personen Solarboot - Bootsverleih\" \/>\n<meta property=\"og:description\" content=\"Willkommen an Bord des SunCat 21 &#8211; dem perfekten Boot f\u00fcr unvergessliche Momente auf der Spree! Unser 8-Sitzer Katamaran ist die ideale Wahl f\u00fcr Kleingruppen, Freunde und Familien, die gemeinsam die malerische Sch\u00f6nheit der Natur fernab der Innenstadt erleben m\u00f6chten. Mit einer L\u00e4nge von 6,40 Metern und einer Breite von 2,50 Metern bietet der SunCat [&hellip;]\" \/>\n<meta property=\"og:url\" content=\"https:\/\/www.solarwaterworld.de\/bootsverleih\/suncat-21-bis-zu-8-personen-solarboot-11\/\" \/>\n<meta property=\"og:site_name\" content=\"Bootsverleih\" \/>\n<meta property=\"article:publisher\" content=\"https:\/\/www.facebook.com\/solarwaterworld.de\" \/>\n<meta name=\"twitter:card\" content=\"summary_large_image\" \/>\n<meta name=\"twitter:label1\" content=\"Gesch\u00e4tzte Lesezeit\" \/>\n\t<meta name=\"twitter:data1\" content=\"2\u00a0Minuten\" \/>\n<script type=\"application\/ld+json\" class=\"yoast-schema-graph\">{\"@context\":\"https:\\\/\\\/schema.org\",\"@graph\":[{\"@type\":\"WebPage\",\"@id\":\"https:\\\/\\\/www.solarwaterworld.de\\\/bootsverleih\\\/suncat-21-bis-zu-8-personen-solarboot-11\\\/\",\"url\":\"https:\\\/\\\/www.solarwaterworld.de\\\/bootsverleih\\\/suncat-21-bis-zu-8-personen-solarboot-11\\\/\",\"name\":\"SunCat 21 bis zu 8 Personen Solarboot - Bootsverleih\",\"isPartOf\":{\"@id\":\"https:\\\/\\\/www.solarwaterworld.de\\\/bootsverleih\\\/#website\"},\"datePublished\":\"2024-10-25T13:10:24+00:00\",\"breadcrumb\":{\"@id\":\"https:\\\/\\\/www.solarwaterworld.de\\\/bootsverleih\\\/suncat-21-bis-zu-8-personen-solarboot-11\\\/#breadcrumb\"},\"inLanguage\":\"de\",\"potentialAction\":[{\"@type\":\"ReadAction\",\"target\":[\"https:\\\/\\\/www.solarwaterworld.de\\\/bootsverleih\\\/suncat-21-bis-zu-8-personen-solarboot-11\\\/\"]}]},{\"@type\":\"BreadcrumbList\",\"@id\":\"https:\\\/\\\/www.solarwaterworld.de\\\/bootsverleih\\\/suncat-21-bis-zu-8-personen-solarboot-11\\\/#breadcrumb\",\"itemListElement\":[{\"@type\":\"ListItem\",\"position\":1,\"name\":\"Startseite\",\"item\":\"https:\\\/\\\/www.solarwaterworld.de\\\/bootsverleih\\\/\"},{\"@type\":\"ListItem\",\"position\":2,\"name\":\"SunCat 21 bis zu 8 Personen Solarboot\"}]},{\"@type\":\"WebSite\",\"@id\":\"https:\\\/\\\/www.solarwaterworld.de\\\/bootsverleih\\\/#website\",\"url\":\"https:\\\/\\\/www.solarwaterworld.de\\\/bootsverleih\\\/\",\"name\":\"Solarwaterworld Bootsverleih\",\"description\":\"Boot mieten in Berlin an der Spree\",\"publisher\":{\"@id\":\"https:\\\/\\\/www.solarwaterworld.de\\\/bootsverleih\\\/#organization\"},\"potentialAction\":[{\"@type\":\"SearchAction\",\"target\":{\"@type\":\"EntryPoint\",\"urlTemplate\":\"https:\\\/\\\/www.solarwaterworld.de\\\/bootsverleih\\\/?s={search_term_string}\"},\"query-input\":{\"@type\":\"PropertyValueSpecification\",\"valueRequired\":true,\"valueName\":\"search_term_string\"}}],\"inLanguage\":\"de\"},{\"@type\":\"Organization\",\"@id\":\"https:\\\/\\\/www.solarwaterworld.de\\\/bootsverleih\\\/#organization\",\"name\":\"Solarwaterworld Bootsverleih\",\"url\":\"https:\\\/\\\/www.solarwaterworld.de\\\/bootsverleih\\\/\",\"logo\":{\"@type\":\"ImageObject\",\"inLanguage\":\"de\",\"@id\":\"https:\\\/\\\/www.solarwaterworld.de\\\/bootsverleih\\\/#\\\/schema\\\/logo\\\/image\\\/\",\"url\":\"https:\\\/\\\/www.solarwaterworld.de\\\/bootsverleih\\\/wp-content\\\/uploads\\\/sites\\\/2\\\/2022\\\/09\\\/170412_SWW_Logo_frei.png\",\"contentUrl\":\"https:\\\/\\\/www.solarwaterworld.de\\\/bootsverleih\\\/wp-content\\\/uploads\\\/sites\\\/2\\\/2022\\\/09\\\/170412_SWW_Logo_frei.png\",\"width\":907,\"height\":170,\"caption\":\"Solarwaterworld Bootsverleih\"},\"image\":{\"@id\":\"https:\\\/\\\/www.solarwaterworld.de\\\/bootsverleih\\\/#\\\/schema\\\/logo\\\/image\\\/\"},\"sameAs\":[\"https:\\\/\\\/www.facebook.com\\\/solarwaterworld.de\",\"https:\\\/\\\/www.instagram.com\\\/solarwaterworld\\\/\"]}]}<\/script>\n<!-- \/ Yoast SEO plugin. -->","yoast_head_json":{"title":"SunCat 21 bis zu 8 Personen Solarboot - Bootsverleih","robots":{"index":"index","follow":"follow","max-snippet":"max-snippet:-1","max-image-preview":"max-image-preview:large","max-video-preview":"max-video-preview:-1"},"canonical":"https:\/\/www.solarwaterworld.de\/bootsverleih\/suncat-21-bis-zu-8-personen-solarboot-11\/","og_locale":"de_DE","og_type":"article","og_title":"SunCat 21 bis zu 8 Personen Solarboot - Bootsverleih","og_description":"Willkommen an Bord des SunCat 21 &#8211; dem perfekten Boot f\u00fcr unvergessliche Momente auf der Spree! Unser 8-Sitzer Katamaran ist die ideale Wahl f\u00fcr Kleingruppen, Freunde und Familien, die gemeinsam die malerische Sch\u00f6nheit der Natur fernab der Innenstadt erleben m\u00f6chten. Mit einer L\u00e4nge von 6,40 Metern und einer Breite von 2,50 Metern bietet der SunCat [&hellip;]","og_url":"https:\/\/www.solarwaterworld.de\/bootsverleih\/suncat-21-bis-zu-8-personen-solarboot-11\/","og_site_name":"Bootsverleih","article_publisher":"https:\/\/www.facebook.com\/solarwaterworld.de","twitter_card":"summary_large_image","twitter_misc":{"Gesch\u00e4tzte Lesezeit":"2\u00a0Minuten"},"schema":{"@context":"https:\/\/schema.org","@graph":[{"@type":"WebPage","@id":"https:\/\/www.solarwaterworld.de\/bootsverleih\/suncat-21-bis-zu-8-personen-solarboot-11\/","url":"https:\/\/www.solarwaterworld.de\/bootsverleih\/suncat-21-bis-zu-8-personen-solarboot-11\/","name":"SunCat 21 bis zu 8 Personen Solarboot - Bootsverleih","isPartOf":{"@id":"https:\/\/www.solarwaterworld.de\/bootsverleih\/#website"},"datePublished":"2024-10-25T13:10:24+00:00","breadcrumb":{"@id":"https:\/\/www.solarwaterworld.de\/bootsverleih\/suncat-21-bis-zu-8-personen-solarboot-11\/#breadcrumb"},"inLanguage":"de","potentialAction":[{"@type":"ReadAction","target":["https:\/\/www.solarwaterworld.de\/bootsverleih\/suncat-21-bis-zu-8-personen-solarboot-11\/"]}]},{"@type":"BreadcrumbList","@id":"https:\/\/www.solarwaterworld.de\/bootsverleih\/suncat-21-bis-zu-8-personen-solarboot-11\/#breadcrumb","itemListElement":[{"@type":"ListItem","position":1,"name":"Startseite","item":"https:\/\/www.solarwaterworld.de\/bootsverleih\/"},{"@type":"ListItem","position":2,"name":"SunCat 21 bis zu 8 Personen Solarboot"}]},{"@type":"WebSite","@id":"https:\/\/www.solarwaterworld.de\/bootsverleih\/#website","url":"https:\/\/www.solarwaterworld.de\/bootsverleih\/","name":"Solarwaterworld Bootsverleih","description":"Boot mieten in Berlin an der Spree","publisher":{"@id":"https:\/\/www.solarwaterworld.de\/bootsverleih\/#organization"},"potentialAction":[{"@type":"SearchAction","target":{"@type":"EntryPoint","urlTemplate":"https:\/\/www.solarwaterworld.de\/bootsverleih\/?s={search_term_string}"},"query-input":{"@type":"PropertyValueSpecification","valueRequired":true,"valueName":"search_term_string"}}],"inLanguage":"de"},{"@type":"Organization","@id":"https:\/\/www.solarwaterworld.de\/bootsverleih\/#organization","name":"Solarwaterworld Bootsverleih","url":"https:\/\/www.solarwaterworld.de\/bootsverleih\/","logo":{"@type":"ImageObject","inLanguage":"de","@id":"https:\/\/www.solarwaterworld.de\/bootsverleih\/#\/schema\/logo\/image\/","url":"https:\/\/www.solarwaterworld.de\/bootsverleih\/wp-content\/uploads\/sites\/2\/2022\/09\/170412_SWW_Logo_frei.png","contentUrl":"https:\/\/www.solarwaterworld.de\/bootsverleih\/wp-content\/uploads\/sites\/2\/2022\/09\/170412_SWW_Logo_frei.png","width":907,"height":170,"caption":"Solarwaterworld Bootsverleih"},"image":{"@id":"https:\/\/www.solarwaterworld.de\/bootsverleih\/#\/schema\/logo\/image\/"},"sameAs":["https:\/\/www.facebook.com\/solarwaterworld.de","https:\/\/www.instagram.com\/solarwaterworld\/"]}]}},"_links":{"self":[{"href":"https:\/\/www.solarwaterworld.de\/bootsverleih\/wp-json\/wp\/v2\/pages\/210510","targetHints":{"allow":["GET"]}}],"collection":[{"href":"https:\/\/www.solarwaterworld.de\/bootsverleih\/wp-json\/wp\/v2\/pages"}],"about":[{"href":"https:\/\/www.solarwaterworld.de\/bootsverleih\/wp-json\/wp\/v2\/types\/page"}],"author":[{"embeddable":true,"href":"https:\/\/www.solarwaterworld.de\/bootsverleih\/wp-json\/wp\/v2\/users\/1"}],"replies":[{"embeddable":true,"href":"https:\/\/www.solarwaterworld.de\/bootsverleih\/wp-json\/wp\/v2\/comments?post=210510"}],"version-history":[{"count":5,"href":"https:\/\/www.solarwaterworld.de\/bootsverleih\/wp-json\/wp\/v2\/pages\/210510\/revisions"}],"predecessor-version":[{"id":210575,"href":"https:\/\/www.solarwaterworld.de\/bootsverleih\/wp-json\/wp\/v2\/pages\/210510\/revisions\/210575"}],"wp:attachment":[{"href":"https:\/\/www.solarwaterworld.de\/bootsverleih\/wp-json\/wp\/v2\/media?parent=210510"}],"curies":[{"name":"wp","href":"https:\/\/api.w.org\/{rel}","templated":true}]}}